Let f be k(8). Let y be (2/(-2) - -3)*f. Let t = -21 + y. Calculate the remainder when 49 is divided by t.
15
Suppose 0 = 2*l + 6, 0 = 3*w - l - 936. Suppose 5*p + 185 = v, 3*v + 4*p = 168 + w. Suppose 4*d + 1 = v. What is the remainder when 161 is divided by d?
38
What is the remainder when 487 is divided by 6/(-8)*-1*(20 + 40)?
37
What is the remainder when (-225105)/430*8/(-3) is divided by 200?
196
Suppose 7879 = 207*p - 206*p - 5*k, 4*p = 3*k + 31465. What is the remainder when p is divided by 38?
36
Suppose 10*g - 72 = 4*g. Suppose -5*x = -2*x - g. Suppose -x*w = -4*k - 1118 + 174, -1171 = -5*w + 2*k. What is the remainder when w is divided by 26?
25
Suppose 0 = 15*b - 12*b - 3*l - 207, 2*b + 4*l = 108. What is the remainder when 11/(-2)*(-37 - -3) is divided by b?
59
Let f(x) = -x**2 - 13*x - 28. Let g be f(-13). Suppose -5*z = 23 - 63. What is the remainder when 29 is divided by 6/z + (-259)/g?
9
Suppose 2*b - 682 = 2*y, 4*b + 5*y = 7*y + 1360. What is the remainder when 1039 is divided by b?
22
What is the remainder when 60/(-6) - -7500 - -12 is divided by 56?
54
Let t(a) = -4*a - 50. Let h be t(-11). Let k be (-3*(-2)/9)/(h/9). What is the remainder when (11 - -47 - 3/k) + 4 is divided by 11?
10
Let v = 125 - -86. Let o = -102 + v. Suppose -39 = -4*r + 109. Calculate the remainder when o is divided by r.
35
Let t(n) = 5*n**2 - 8*n + 5. Let h be t(5). Let c = -1 + h. Let s(i) = i**3 - 17*i**2 - 6*i + 120. What is the remainder when c is divided by s(17)?
17
Let d(q) = -38*q + 3310. Let c(g) = 4*g + 0*g - 2 + g. What is the remainder when c(3) is divided by d(87)?
1
Let o(p) be the second derivative of p**4/12 - 13*p**3/6 + 9*p**2/2 + p. Calculate the remainder when (-50)/(-3)*60/40 is divided by o(13).
7
Let j(w) = -5*w - 1. Calculate the remainder when (-594)/(-396)*(-1)/(3/(-46)) is divided by j(-1).
3
Suppose 255902 = 27*c + 248855. Calculate the remainder when 1588 is divided by c.
22
Let v(a) = -32*a - 747. Calculate the remainder when 29 is divided by v(-24).
8
Suppose 0 = -b - b + 24. Let l be 280/175 - 127/(-5). Suppose 24 = -l*t + 33*t. What is the remainder when b is divided by t?
0
Let c = -34111 + 34124. Calculate the remainder when 42509 is divided by c.
12
Let a = 32944 + -32908. What is the remainder when 275 is divided by a?
23
Let a(h) = -5*h + 80. Let l be ((-189)/36)/(12/(-32)). Calculate the remainder when 14 is divided by a(l).
4
Calculate the remainder when 117 is divided by ((-9)/(-5) + -1)/(0 + 1/95).
41
Suppose -276*v - 509 = -267*v - 9428. Calculate the remainder when v is divided by 330.
1
Suppose 30 = 122*k - 120*k. Suppose -20*h + 80 = -k*h. Let r(t) = t**2 + 8*t - 11. Calculate the remainder when h is divided by r(-10).
7
Let c = -543 + 553. Suppose -134 + 24 = -c*b. What is the remainder when (18/(-8))/((-2)/32) is divided by b?
3
Suppose -74*a + 1097 = 209. Let o(r) = -r**3 - 4*r**2 - 2*r - 6. Let w be o(-4). Suppose -13 = w*v - 53. Calculate the remainder when v is divided by a.
8
Let d(a) = 101*a - 3. Let j be d(4). Suppose j*l = 400*l + 32. What is the remainder when l is divided by 10?
2
Let l be 0 - ((-1 - 1) + 1). Suppose -4*p = -77 + l. Suppose 4*u = 5*f - 560, 0 = -3*f + 7*f - 5*u - 448. Calculate the remainder when f is divided by p.
17
Suppose 0*v - 4*l - 13 = -v, 53 = 2*v - 5*l. Calculate the remainder when ((-145)/(-3))/(1/3) is divided by v.
47
Let q(g) be the second derivative of g**5/20 - g**4/2 + g**3 - 15*g**2/2 - 2*g - 24. What is the remainder when q(7) is divided by 28?
20
Suppose -y = y - 5*a + 10, 5*a + 5 = y. Calculate the remainder when (-7 + y/(-2))/((-3)/(-1038)) is divided by 7.
5
Let w(k) = k**3 + 3*k**2 + 2*k + 1. Let z be w(3). Let r = 59 + z. Suppose -7*f - r = -11*f. What is the remainder when 119 is divided by f?
29
Let u be (2 + -1)*(7 + -8) + -64. Suppose -3*d - 5*y + 211 + 58 = 0, -y - 351 = -4*d. Let p = u + d. Calculate the remainder when p is divided by 8.
7
Let s be 28*(42/68 + 12/(-102)). Let c(p) = p**3 - 12*p**2 - 12*p - 30. Calculate the remainder when c(s) is divided by 22.
18
Let b = -163 - -302. Let g = b - -87. Suppose -3*k + g = -k. What is the remainder when k is divided by 29?
26
Let s = -765 - -1047. Let f = -6 + 4. Calculate the remainder when (s/(-4))/(1/f) is divided by 36.
33
Suppose 0 = -2*y - 34*l + 39*l + 7560, 3750 = y + 5*l. Calculate the remainder when y is divided by 11.
8
Suppose v = 2*c - 835, 5*c - 2189 = v - 100. Let z = c - 121. What is the remainder when z is divided by 30?
27
Suppose 0 = -17*u - u + 2196. Calculate the remainder when 417 is divided by u.
51
Suppose 14 - 2 = 3*z, -4*f + 2*z + 20 = 0. Suppose -137*t + 178*t = -264*t + 3050. What is the remainder when t is divided by f?
3
Let v be ((-38)/6)/((-1)/6). Let h = v + 84. Let x(c) = c**3 - 3*c**2 + 2*c + 25. What is the remainder when h is divided by x(2)?
22
Suppose 4 = t - 2*g - 28, t = -5*g + 18. Let m(s) = -5*s**2 - 10*s + 76. Let d be m(-11). Let v = 473 + d. Calculate the remainder when v is divided by t.
26
Let l(y) = -11*y - 256. Let k be l(-22). Calculate the remainder when 3 + 92/(-28) + (-5198)/k is divided by 15.
11
Suppose 17*a - 1949 + 1303 = 0. Calculate the remainder when 2513 is divided by a.
5
Suppose 3*h - 18*h + 2300 = 31*h. What is the remainder when 156 is divided by h?
6
Let z(f) = -3*f + 3. Let v(q) = 2*q + 11 + 13 + 0. Let s be v(-17). What is the remainder when z(s) is divided by 7?
5
Let w(z) = -z**3 + 11*z**2 - 18*z + 9. Calculate the remainder when 63 is divided by w(9).
0
Suppose -41*u = -46*u + 10. Let z(a) = 208*a + 1. Calculate the remainder when z(u) is divided by 11.
10
Suppose 7*g - 15 = 6. Suppose 5*q + g*t - 8 = 175, -4*q + 4*t = -172. Calculate the remainder when q is divided by 6.
3
Suppose -16*r + 42 = 5*r. Suppose 222 + 88 = 2*w - 2*k, 0 = -r*w - 4*k + 328. What is the remainder when w is divided by 41?
35
Let y(r) = -35*r**3 + 15*r + 14. Let k be y(-1). Let f(s) = 9*s - 178. Calculate the remainder when f(k) is divided by 12.
8
Let z = 878 - 872. Suppose 13*r = -z*r + 3192. Calculate the remainder when r is divided by 51.
15
Suppose -4*b = 8 - 192. Calculate the remainder when 207 is divided by b.
23
Suppose -16*z - 32 = -8*z. Calculate the remainder when 3/(30/z) + (-3540)/(-100) is divided by 3.
2
Suppose 9*q + 18*q = 21303. What is the remainder when q is divided by 72?
69
Suppose 4*f + f = 0, -3*d + 51 = 5*f. Suppose 3*h = 4*s - s - 54, 3*h = -3*s - 24. Calculate the remainder when d is divided by (-2)/h + 1035/117.
8
Let w(t) = -t**3 - 9*t**2 + 7*t + 13. Suppose -10 = -s - 5. Suppose 0 = -5*l - o - 49, -s*l - 35 = -l + 5*o. What is the remainder when w(l) is divided by 15?
13
Let h = 3033 - 2910. What is the remainder when 1326 is divided by h?
96
Let b be 2/9 - 5172/(-54). Let n be ((-3)/8)/((-12)/b). Suppose -4*l = n*w - 135, 5*l - w - 113 - 32 = 0. What is the remainder when l is divided by 8?
6
Let a(j) = j**2 + 3*j - 11. Let y be ((-7)/4)/((-5)/(-20)). Let t be a(y). Suppose -21*w + 44 = -t*w. What is the remainder when w is divided by 3?
2
Let b be (1/(-2))/((-15)/30). Suppose 2*f - q - 15 = -b, -q = 4. Suppose 4*o + 3*r = 8*o - 652, -f*o + 815 = 5*r. What is the remainder when o is divided by 41?
40
Let j(d) = 799*d - 6387. What is the remainder when j(16) is divided by 200?
197
Suppose 0 = 13*j + 3*j. Suppose j = -4*q + u + 1 + 117, -2*q = -3*u - 64. Calculate the remainder when q is divided by 9.
2
Let l(g) = 6*g - 54. Let f be l(10). Let b(u) = 12*u - 30. Calculate the remainder when b(f) is divided by 22.
20
Let n be ((-1)/(-3))/((-11)/(-33))*-8. Let d(k) = -k**2 - 7*k + 26. What is the remainder when 47 is divided by d(n)?
11
Let o = 17 + -21. Let k = o - -12. Let x = -116 + 119. Calculate the remainder when k is divided by x.
2
Suppose -70*s - 238 = -140*s + 392. What is the remainder when 476 is divided by s?
8
Suppose -32 - 4 = -2*p. What is the remainder when (147 - (-6)/(-2)) + 4*(-7)/7 is divided by p?
14
Suppose -37*b + 46*b = 5112. Suppose 2*x = -4 + 20. Calculate the remainder when (9/(-8))/((-71)/b) is divided by x.
1
Suppose -8*g = 2*g - 3*g. Suppose 3*h - 3 - 57 = g. Suppose h*a - 17*a - 93 = 0. What is the remainder when a is divided by 8?
7
Let w(a) = -13*a - a - a**2 + 9 + 23 - 3. What is the remai